473. Is p(10) a composite number?
True
Is ((-5)/(35/170513))/((-6 + 3)/3) prime?
True
Suppose -16*p + 535317 - 105466 + 1006197 = 0. Is p a composite number?
False
Suppose -4*b + 3*x = -17 - 36, -39 = -3*b + 2*x. Let i(d) = 5*d - 51. Let y be i(b). Is 3466/4 + -2 - (-2)/y a composite number?
True
Let y(u) = 470*u**3 + u**2 - 3*u + 3. Let i = -115 - -117. Suppose -2 = j - i*j. Is y(j) composite?
False
Suppose -41*h - 88738 - 36876 = -222*h. Is h a prime number?
False
Suppose 0 = 2*n + 17*n - 25460. Let c = n - -1593. Is c composite?
True
Suppose -24624 - 248937 = -3*q - 4*o, -3*q = o - 273552. Is q composite?
False
Let n(b) = 130*b**2 - 2*b + 7. Let y be n(3). Let d = 2538 - y. Is d prime?
True
Is 6834579/33 + 5/(-2)*660/(-3025) composite?
True
Let h(q) = 99*q**2 + 69*q + 461. Is h(-17) a composite number?
True
Suppose 2*m + 21700 = 5*j, -9452 = -2*j - 2*m - 758. Suppose -j = -5*i + 1923. Is i a composite number?
True
Let t(w) = -w**3 - 8*w**2 - 3*w + 15. Let j be t(-7). Let v(r) = -54*r + 67. Is v(j) composite?
False
Let l = 6059 - 5153. Suppose 5*b + 467 = -248. Let j = l - b. Is j prime?
True
Let x(h) = h + 34. Let y be x(11). Let r be -1 + 60290/y - (-2)/9. Let v = 1890 - r. Is v prime?
False
Let b(u) = -2*u**3 + 4*u**2 - 9*u - 1. Let j(v) = -v**3 + 2*v**2 - v + 1. Suppose 3*o = -2*o + 3*i, -2*o + 31 = 5*i. Let x(t) = o*j(t) - b(t). Is x(-5) prime?
True
Let b(c) = 28*c + 168. Let r be b(-6). Let i be (6039/6)/(9/12). Suppose h + u - i = 0, 5*u + r*u = h - 1372. Is h a composite number?
True
Let x be (-5)/((-105)/(-6)) - (-18)/63. Let k = 0 - -4. Suppose -3*q = -i - 7776, -q + k*i + 2603 = -x*q. Is q prime?
True
Let h(a) = 6*a**3 + 6*a**2 - 6*a + 13. Let k = 75 - 68. Is h(k) a prime number?
False
Let k be (-180)/(-9)*(-3)/(-5 - -2). Suppose k = 27*r - 22*r. Suppose -r*t = p + 3*p - 14560, -5*p - 4*t + 18203 = 0. Is p composite?
False
Let p = -25714 - -58781. Is p prime?
False
Suppose -p + 116 = 5*l, 3*l = -2*l + 5*p + 110. Suppose 2*i + l - 1 = 4*b, -2*i - 22 = 5*b. Let k(a) = -182*a - 23. Is k(i) a prime number?
True
Let x be 80/(-30)*(-4530)/4. Suppose 237*z - 233*z = x. Is z prime?
False
Let g(w) = -4*w + 10. Let n(p) = 3*p - 13. Let z be n(5). Let i be g(z). Is 346*(4/i)/((-28)/(-21)) composite?
True
Suppose -16 + 25 = 3*v. Let u = -2 + v. Suppose 3*l = 2*l - u, -2*d - 2*l = -2144. Is d a composite number?
True
Let b = -203 - -206. Suppose -3*d + 8*d - 13660 = 5*m, 0 = m + b. Is d composite?
False
Suppose 88 = 4*x + 60. Suppose x*u - 11*u = -27164. Is u composite?
False
Let b(m) = 3*m**2 - 3*m - 32. Let r be b(6). Suppose -2*g - 22 - 19 = -3*k, 4*k = g + r. Suppose -k*a = -10*a - 830. Is a prime?
False
Let q = -8370 - -14023. Suppose 8*z + q = 29021. Suppose z = -21*l + 22*l. Is l prime?
False
Suppose 13*l - 27*l = 546. Is ((-26)/l)/(2/50007) a prime number?
False
Let u(q) = -q**2 + 10*q - 16. Let k be u(3). Suppose k*x - 33*x = -1020964. Is x a prime number?
False
Let c(f) be the second derivative of -f**5/20 + 13*f**4/4 + 10*f**3/3 + 81*f**2/2 - 2*f + 90. Is c(29) a composite number?
True
Suppose 26*y + 970121 = 27*y + 3*i, 2*y = -3*i + 1940254. Is y a composite number?
False
Suppose 32 = -8*k - 40. Let d(v) = -161*v - 88. Is d(k) prime?
True
Is (-2474399)/(-1818) + 3/(-54) prime?
True
Let z(c) = 40*c**2 + 37*c + 59. Let a(d) = d**3 + 81*d**2 + 75*d + 116. Let h(u) = 2*a(u) - 5*z(u). Is h(28) a prime number?
False
Let m(x) = -13*x**2 - 4*x**2 + 4 - 14 + 15*x**2 - 22*x. Let r be m(-10). Is (2165/r)/(2/8) prime?
False
Let f(p) = 12*p - 58. Let m be f(5). Is (m/2 + 2/(-3))*7899 composite?
False
Suppose 3*f - 5*u = 434, 13*f - 706 = 8*f + 4*u. Let z = f - -855. Is z a prime number?
False
Let d be 0 + (-2)/(-1) + (-3)/(-1). Let g be 5/d*4521 - 1*-1. Suppose -g = -5*x + 4983. Is x a prime number?
True
Let i(w) = w**3 + 13*w**2 + 20. Let m be i(-9). Let y(g) = -8*g**3 - 3*g**2 - 2*g - 4. Let c be y(-5). Let d = c - m. Is d composite?
False
Let s be -25*(0 + -3 + -2). Let h = 53 - 83. Let z = s + h. Is z composite?
True
Let k be ((-10012)/(-3))/(44/66)*1. Suppose -k = 8*i - 10*i. Is i a composite number?
False
Suppose -12*i + 43581 = -70479. Is i a composite number?
True
Let r(k) = -2*k**2 + 56*k + 8. Let a be r(13). Let u be (-1326)/(-10) + 2/5. Suppose c - a = -3*v + 5*c, -c = -v + u. Is v prime?
False
Suppose 3*d + 4*j = 286963, 3*d = -2*d + 3*j + 478320. Suppose 0 = m, -5*s + d = -3*m + 13926. Is s prime?
False
Let h(f) = -3*f + 4. Let k be h(15). Let y = -7 - k. Let q = y - 27. Is q a composite number?
False
Suppose 0 = -3*a + 3*h - 1884, 2*a + 1241 = -7*h + 6*h. Let f = 1648 - a. Is f prime?
False
Suppose 2*x - 4 = 0, -5*b + 2*x - 84 = -0*x. Is 3806/(-6)*(-19 - b) composite?
True
Let i be 2 + (4 - (-1152)/3). Let l = i - 274. Is (-2)/(-6) - l/(-3) composite?
True
Suppose 0 = -5*x + 3*z + 120, -2*z - 97 = -4*x - 3. Let w = 25 - x. Suppose y - 63 = -5*u, -u + 178 = 2*y - w*u. Is y a composite number?
False
Suppose 6 = -2*a + 16. Suppose -a*h - 4 = -19. Let u(q) = 755*q - 20. Is u(h) composite?
True
Suppose 2*c = 4*v - c - 114, -10 = 5*c. Let i be (6/v*3)/((-4)/6). Is (2 + 1/i)*-1 + 260 prime?
False
Let a(n) = 13*n**2 - n - 1. Let m be a(1). Let f(x) = 58*x - 10. Let b be f(m). Suppose 0*d - b = -4*d. Is d prime?
True
Let w(v) = v**3 - 5*v**2 - 4*v - 5. Let i be w(6). Let p(l) = 9*l + 64. Is p(i) prime?
True
Suppose 0 = -w + 62691 + 39939. Suppose -15*y + w = -65145. Is y a prime number?
False
Let c(p) = -2*p**3 - 11*p**2 - 6*p + 52. Suppose 77 - 239 = 18*m. Is c(m) composite?
False
Let b = 234 - 239. Is (-7190 - (b - -1))/((-18)/9) a composite number?
False
Suppose -9295 = -t + 2482. Is t composite?
False
Is (-12)/4 - 16/(-7) - (-28297440)/63 composite?
True
Suppose -29 = 19*n + 9. Is (n/(-12) - (-309439)/(-78))/(-1) a composite number?
False
Let a(x) = -x**3 + x**2 + 2*x + 3842. Let n(y) = 2*y + 18. Let r be n(-9). Let m be a(r). Suppose -4*l + 3879 = -2*w + 805, -5*l = -3*w - m. Is l composite?
False
Let w(h) = -5*h - 90. Let o be w(3). Let p = 598 + o. Is p a prime number?
False
Let s(b) = -1088*b**2 - 26*b - 6. Let q be s(-12). Is q/(-27) + (-2)/6 composite?
False
Suppose -2*q + 7 = -3*r, 11*r + 8 = 13*r + 5*q. Let y(a) = -a + 4. Let s be y(5). Is (-1256)/r - s/(-1) a composite number?
True
Let d = -56 - -101. Let j = d + -38. Suppose j*f = 1290 + 1615. Is f composite?
True
Suppose 2238 + 2695 = k. Let i = 1349 - 646. Suppose 4*v - i = k. Is v a prime number?
True
Is ((-19)/(-4))/((-392)/(-224)*(-3)/(-188979)) composite?
True
Suppose 4*u + 9386 = 2*i - 0*i, -3*i + 2*u = -14095. Suppose -4*j = b - i, 4*b - 10008 = -5*j + 8752. Is b prime?
False
Suppose 2*s + y + 457 = 7*s, 9 = 3*y. Is 402178/s*(-1 + (-11)/(-7)) a prime number?
False
Suppose -6*d + 63785 = -145381. Is d a composite number?
True
Let k = -245 - 140. Let i = k + 1328. Is i composite?
True
Let g be (-16)/(-6)*(-6 - (-120)/16). Let c(m) = 41*m**3 + 2*m**2 + 13*m - 1. Is c(g) a composite number?
False
Let n(p) = -26069*p + 4655. Is n(-12) a composite number?
False
Is 372362/11 - 58/638 a prime number?
True
Let b = -395 - -397. Is (18824 + b)*9/(-90)*-5 a composite number?
False
Suppose -3*w - 36 = -2*b, 0*b = 2*b + 4*w - 22. Is (-20420)/(-6) - 35/b a prime number?
False
Let u(v) = -9 + 425*v - 16 + 2. Let t be u(10). Is (-1 + 4)*t/9 prime?
True
Let c = 265288 + -124309. Is c prime?
False
Let c(j) = j**2 - 25*j + 75. Let i be c(4). Let a(n) = -942*n + 1. Is a(i) composite?
True
Is -22 + 8232480/50 + 3/(-5) composite?
False
Suppose 0*z + 11743668 = 32*z + 157844. Is z composite?
True
Let n(t) be the third derivative of t**6/120 - t**5/60 - 11*t**4/24 - t**3/6 - 154*t**2. Suppose w = -l - 0*l + 11, 5*w - 4*l = 46. Is n(w) a composite number?
True
Let r(p) = 2*p**3 - p**2 + 2*p - 5. Let k(v) = -v**3 + 5*v**2 + 5*v - 10. Let s be k(5). Suppose 0 = -5*i + 10*i - s. Is r(i) prime?
False
Let b = -50 - -68. Suppose 0 = -2*z + 5*z + 3*g + 3, 2*z - 3*g = b. Let p(r) = 4*r**3 + 3*r**2 - 2*r - 2. Is p(z) composite?
False
Suppose -35*g + 25*g - 377090 = 0. Let t = -23566 - g. Is t a composite number?
False
Let s = -4 + 7. Suppose 3*m + s*m = 5*m. Suppose m = 11*p - 2700 + 313. Is p a composite number?
True
Is 16/56 - 5/(-7) - (-15096 - -24) composite?
False
Suppose 22*m = 30*m. Suppose